{"id":48,"date":"2020-06-30T14:52:39","date_gmt":"2020-06-30T13:52:39","guid":{"rendered":"http:\/\/huygensfindnstn.com\/?page_id=48"},"modified":"2020-07-26T12:00:58","modified_gmt":"2020-07-26T11:00:58","slug":"kifid","status":"publish","type":"page","link":"https:\/\/huygensfindnstn.com\/?page_id=48","title":{"rendered":"Kifid"},"content":{"rendered":"\n<figure class=\"wp-block-image size-large\"><img fetchpriority=\"high\" decoding=\"async\" width=\"660\" height=\"174\" src=\"https:\/\/huygensfindnstn.com\/wp-content\/uploads\/2020\/07\/Logo-KIFID.jpg\" alt=\"\" class=\"wp-image-93\" srcset=\"https:\/\/huygensfindnstn.com\/wp-content\/uploads\/2020\/07\/Logo-KIFID.jpg 660w, https:\/\/huygensfindnstn.com\/wp-content\/uploads\/2020\/07\/Logo-KIFID-300x79.jpg 300w\" sizes=\"(max-width: 660px) 100vw, 660px\" \/><figcaption><br><br><br><br><\/figcaption><\/figure>\n\n\n\n<p class=\"has-small-font-size\"><\/p>\n\n\n<p>Kifid is het financi\u00eble klachteninstituut.<br data-rich-text-line-break=\"true\" \/>De naam is de afkorting van het Klachteninstituut voor de Financi\u00eble Dienstverlening. <br \/>Bij Kifid kunnen consumenten terecht als zij een klacht hebben over financi\u00eble dienstverlening. Kifid behandelt de klacht op een onafhankelijke en onpartijdige wijze.<\/p>\n<div id=\"block-bfc8448a-6f96-4249-a1a6-32cd2f7cc8b6\" class=\"wp-block block-editor-block-list__block has-selected-ui\" tabindex=\"0\" role=\"group\" data-block=\"bfc8448a-6f96-4249-a1a6-32cd2f7cc8b6\" data-type=\"core\/paragraph\" aria-label=\"Blok: Paragraaf\">\u00a0<\/div>\n<div id=\"block-27078ad4-78ad-4702-8717-393c0a1e98a4\" class=\"wp-block block-editor-block-list__block has-selected-ui\" tabindex=\"0\" role=\"group\" data-block=\"27078ad4-78ad-4702-8717-393c0a1e98a4\" data-type=\"core\/freeform\" aria-label=\"Blok: Klassiek\">\n<div id=\"editor-27078ad4-78ad-4702-8717-393c0a1e98a4\" class=\"wp-block-freeform block-library-rich-text__tinymce mce-content-body mce-edit-focus html5-captions\" contenteditable=\"true\">\u00a0<\/div>\n<\/div>\n<div class=\"block-list-appender\" tabindex=\"-1\">\u00a0<\/div>","protected":false},"excerpt":{"rendered":"<p>Kifid is het financi\u00eble klachteninstituut.De naam is de afkorting van het Klachteninstituut voor de Financi\u00eble Dienstverlening. Bij Kifid kunnen consumenten terecht als zij een klacht hebben over financi\u00eble dienstverlening. Kifid behandelt de klacht op een onafhankelijke en onpartijdige wijze. \u00a0 \u00a0 \u00a0<\/p>\n","protected":false},"author":1,"featured_media":0,"parent":0,"menu_order":0,"comment_status":"closed","ping_status":"closed","template":"","meta":{"_coblocks_attr":"","_coblocks_dimensions":"","_coblocks_responsive_height":"","_coblocks_accordion_ie_support":"","footnotes":""},"class_list":["post-48","page","type-page","status-publish","hentry"],"_links":{"self":[{"href":"https:\/\/huygensfindnstn.com\/index.php?rest_route=\/wp\/v2\/pages\/48","targetHints":{"allow":["GET"]}}],"collection":[{"href":"https:\/\/huygensfindnstn.com\/index.php?rest_route=\/wp\/v2\/pages"}],"about":[{"href":"https:\/\/huygensfindnstn.com\/index.php?rest_route=\/wp\/v2\/types\/page"}],"author":[{"embeddable":true,"href":"https:\/\/huygensfindnstn.com\/index.php?rest_route=\/wp\/v2\/users\/1"}],"replies":[{"embeddable":true,"href":"https:\/\/huygensfindnstn.com\/index.php?rest_route=%2Fwp%2Fv2%2Fcomments&post=48"}],"version-history":[{"count":0,"href":"https:\/\/huygensfindnstn.com\/index.php?rest_route=\/wp\/v2\/pages\/48\/revisions"}],"wp:attachment":[{"href":"https:\/\/huygensfindnstn.com\/index.php?rest_route=%2Fwp%2Fv2%2Fmedia&parent=48"}],"curies":[{"name":"wp","href":"https:\/\/api.w.org\/{rel}","templated":true}]}}